k + 3*k. What are the prime factors of g(k)?
3, 7
Let r(p) = -p - 1. Let i be r(-4). Let h be -2*-23*i/(-2). Let f = 98 + h. List the prime factors of f.
29
Let c(x) = 2*x**3 - x**2 + x + 1. Let t = 39 - 33. Suppose t*o + 10 = 11*o. What are the prime factors of c(o)?
3, 5
Let h = -26 + 27. List the prime factors of h/(832/828 + -1).
3, 23
Let o be ((-144)/(-56))/(741/(-371) - -2). Suppose -2*x - 2*x - 934 = -5*c, 0 = -5*c - x + o. List the prime factors of c.
2, 5, 19
Suppose -5 = -4*y + 5*y. What are the prime factors of -151*-1*y/(-5)?
151
Let i(w) = w**2 + 4*w. Let z(q) = -q - 10. Let b be z(-7). Let r be i(b). List the prime factors of (r + 19 - -1) + -3.
2, 7
Let s = 2096 - 1153. What are the prime factors of s?
23, 41
Suppose -4*k + 3*d = -5885, 5*k = 2*d + 1378 + 5987. What are the prime factors of k?
5, 59
Suppose -255*d + 6645 = -252*d. What are the prime factors of d?
5, 443
Let b be (-4)/8*-2 - 0. Suppose -2*y - 3*o = -b - 0, -4*y + 3*o = -11. Suppose 0*j = -5*j - v + 200, y*j + 5*v = 57. What are the prime factors of j?
41
Let b = -28 - -29. Let w(a) = 27*a**2. Let n be w(b). Suppose -x + n = -24. List the prime factors of x.
3, 17
Let f = 21 - 22. Let b be -3 + (4/f - -12). Suppose 5*k - p - 171 = 0, -k - 135 = -b*k - p. List the prime factors of k.
2, 17
Let l = 2791 - 483. List the prime factors of l.
2, 577
Suppose -170*f - 3388 = -171*f. What are the prime factors of f?
2, 7, 11
Suppose -99 = 4*l - 343. Let i be l + -4 + 1 + 2. Let z = i + -21. List the prime factors of z.
3, 13
Suppose 3*w = -0*w. Let d be (11 + w)*(-10 + 12). Suppose -i - 4 = -d. List the prime factors of i.
2, 3
Suppose 0 = -2*w - 174 - 78. Let r = 131 + w. What are the prime factors of r?
5
Let d be 6/14 + 60/7. Suppose -10*v + d*v = -3. Suppose v*m + 136 = 3*f + 2*f, 5*f - m - 142 = 0. What are the prime factors of f?
29
Let v = -16 + 203. Suppose s = -s - r + v, -3*r + 377 = 4*s. What are the prime factors of s?
2, 23
Suppose -2*f = -3*y + 1, f + 3 = 2*f - 5*y. Let v be f + 5 + -5 + 4. Suppose k + v*g = -k + 48, -12 = -k - 5*g. List the prime factors of k.
3
Suppose 60 = -q + 80. What are the prime factors of 2/(-5) - (-668)/q?
3, 11
Let z = -10 - -24. Let i = z - 6. Let g = i - 6. List the prime factors of g.
2
Suppose -2*o = -5*h + 61, h + 2*o + 50 = 5*h. Let z = h + -17. List the prime factors of 9 + -2*(-3)/z.
2
Let i = -1112 + 2172. List the prime factors of i.
2, 5, 53
Let b be 4 - ((1 - -3) + 5). Let g = b + 9. What are the prime factors of (9 - g)*18/5?
2, 3
Let r(s) = 10*s**2. Let w be r(1). Suppose y - w = -7. Suppose 117 = 3*b + y*o, -4*b + 132 = -0*b - 2*o. List the prime factors of b.
5, 7
Suppose -1 = -3*l + 8. Suppose -l*c - 51 = -3*f, -2*c + 14 = f - 4*c. What are the prime factors of (125/f)/((-2)/(-8))?
5
Let n(m) = 11*m + 1 - 13*m + 46*m. What are the prime factors of n(6)?
5, 53
Let u(n) = -269*n - 112. List the prime factors of u(-3).
5, 139
Let m(d) = d - 4. Let v be m(4). Suppose -5*s + z + 14 = v, 5*s + 4 - 26 = 3*z. Suppose 3*y = -5*g + 100, s*g + 3*y - 9 = 8*y. What are the prime factors of g?
17
Let r = 1449 + -848. What are the prime factors of r?
601
Let b(k) be the third derivative of k**6/120 + k**5/12 - 5*k**4/8 - 11*k**3/6 - 23*k**2. What are the prime factors of b(-6)?
43
Let u(c) = -4*c - c**2 - 4 + 19*c + 3*c. List the prime factors of u(14).
2, 13
Suppose -281 - 165 = -2*t + 2*l, 0 = -3*l - 15. What are the prime factors of t?
2, 109
Let c = -117 + 107. What are the prime factors of c/(-25) - (-1213)/5?
3
Let d(o) = o**2 - 13*o + 14. Let n be d(12). Suppose -2*j = 4, 18 = n*y + 4*j - 150. List the prime factors of y.
2, 11
Let n be 2/(-13) - (-17952)/78. Suppose -2*i - 2*m + n = 3*i, 154 = 3*i - 2*m. What are the prime factors of i?
2, 3
Let j = 1302 - 412. List the prime factors of j.
2, 5, 89
Let u(d) = 16*d + 2. Let k be u(2). Suppose -2*z + a = -5*z - 89, -z = -4*a + k. List the prime factors of z/(-4)*108/30.
3
Let q = 69 - 49. Let v = q + -18. List the prime factors of -3 + 11 + 4 - v.
2, 5
Suppose -z + 9 = -4*z. List the prime factors of (-2 - (z + 3))*(-396)/8.
3, 11
Suppose -44*u + 27530 = -9166. What are the prime factors of u?
2, 3, 139
Let u = -5 + 7. Suppose -5*p + 840 = -5*h, -4*p + u*h + 682 = 3*h. Suppose -13*n + p = -8*n. List the prime factors of n.
2, 17
Let c be (-3)/18 + 19/6. Let y be c/((-3)/3) - 2. What are the prime factors of 3/y + 2562/70?
2, 3
Let y(z) = 4*z - 6. Let a(m) = -m - 1. Let g be (-3)/(3 + -4) + -4. Let l(d) = g*a(d) + y(d). What are the prime factors of l(3)?
2, 5
Let k(o) = -o**3 + 25*o**2 + 33*o + 64. What are the prime factors of k(26)?
2, 3, 41
Let y(z) = z**3 - 7*z**2 + 6*z + 8. Let u be y(6). Suppose 14*c - u*c = 156. List the prime factors of c.
2, 13
Suppose -73 + 13 = 4*w. Let y = 21 + w. Suppose 2*p = y*p - 148. List the prime factors of p.
37
Suppose -4*f - 1381 = -7969. What are the prime factors of f?
3, 61
Let m = 1 + 3. Let t be 16*(-6 - (-200)/16). Suppose t = m*r + 4*y, -2*y - 123 + 43 = -4*r. What are the prime factors of r?
2, 11
Let k be ((-120)/(-50))/((-126)/130 + 1). Suppose -k = -2*c - 42. What are the prime factors of c?
2, 3
Let t be 4/(-18) + 190/45. Let h(l) = l**2 + 18*l - 14. Let m be h(-19). Suppose -j + q = 3*q - 15, t*j - m*q = 21. List the prime factors of j.
3
Let w = -5036 + 7163. What are the prime factors of w?
3, 709
Let x = -851 - -1276. What are the prime factors of x?
5, 17
Suppose -n - 8 = -5*n. Let w(r) = 25*r. Let f be w(n). Suppose 4*l - f = -l. List the prime factors of l.
2, 5
List the prime factors of 4/(12/6) + 0 + 276.
2, 139
Let f = 130 + 32. Suppose 8*x + f = 514. What are the prime factors of x?
2, 11
Suppose 6*n - 2*c = 11*n - 2611, 0 = -2*n - c + 1044. List the prime factors of n.
523
Let t(l) = -l**3 - l**2 - l + 59. Let n be t(0). Suppose m - 27 - n = 0. List the prime factors of m.
2, 43
Let r(d) = 310*d**2 - 6*d + 1. What are the prime factors of r(3)?
47, 59
Suppose m + 3 = 13. Let p be (-842)/(-4) + 5/m. Suppose -51 = 4*h - p. What are the prime factors of h?
2, 5
Suppose 5*k = b - 0*b + 15, 5*k - 30 = -2*b. Let v = -231 - -231. Suppose -k*p + 8 + 20 = v. What are the prime factors of p?
7
Let l = 872 - 866. What are the prime factors of l?
2, 3
Let f = -10 - -34. List the prime factors of (-4)/(-3 + 69/f).
2
Let o(b) = -b**3 - 6*b**2 - 7*b + 8. Let x be o(-6). Suppose -32*y - x = -27*y. Let c(p) = p**2 + 9*p + 3. List the prime factors of c(y).
13
Let q be (-92)/(-16) + 2/8. Suppose -5*d - q = -21. Suppose d*t - 36 = 3*c + 15, -4*t + 5*c + 66 = 0. List the prime factors of t.
19
Let j = -30 + 38. Let b = j - -65. What are the prime factors of b?
73
Let x(v) = 70*v + 90. What are the prime factors of x(4)?
2, 5, 37
Suppose 5*v = 11*v - 1536. Let t = v + -156. What are the prime factors of t?
2, 5
Let z(k) = -6*k**2 + 2*k - 1. Let d be z(5). Let u = d - -228. What are the prime factors of u?
3, 29
Suppose 2*s - 3*a = 503 + 120, -2*a - 310 = -s. List the prime factors of s.
2, 79
Suppose 4*a = -4*a + 384. Suppose 2*x = -j + 48, j - a = 5*x + 28. What are the prime factors of j?
2, 7
Let k = -8 - -13. Suppose -25 = k*j, -5*g = -2*g + 3*j - 117. What are the prime factors of g?
2, 11
Let c = 58 + -44. Suppose c*a - 18*a + 408 = 0. What are the prime factors of a?
2, 3, 17
Let g = 122 + -98. Suppose -g*u + 25*u - 170 = 0. What are the prime factors of u?
2, 5, 17
Suppose 3*h - 55*x - 603 = -52*x, 0 = 3*h - x - 609. What are the prime factors of h?
2, 3, 17
Let d(f) = -9*f**3 + 10*f**2 + 10*f. What are the prime factors of d(-1)?
3
What are the prime factors of -6*(253470/36)/(-35)?
17, 71
Let m(k) = -26*k + 3. Let s be m(2). Let v = -15 - s. List the prime factors of v.
2, 17
Let i(c) = c**3 - 9*c**2 + 7*c - 3. Suppose 2 = -g + 11. List the prime factors of i(g).
2, 3, 5
Let b(f) = -337*f + 492. What are the prime factors of b(-6)?
2, 3, 419
Suppose -5*z + 30 = 2*w + 5, -2*w = -4*z - 52. List the prime factors of 1*((-1072)/(-6))/(w/30).
2, 67
Let z be (50/4)/5*6. Suppose 4*o - 9 - z = 0. What are the prime factors of o?
2, 3
Let w(h) = 1635*h**3 - 2*h**2 + h - 2. List the prime factors of w(1).
2, 3, 17
Let f be -2 + (-8*(-3)/6 - -2). Let b(c) = 7*c**2 + c - 15. What are the prime factors of b(f)?
101
Let y(n) = n**